10210 (base 3) to base 15.
-a29
Convert 103131 (base 4) to base 3.
1201010
What is -6239 (base 12) in base 11?
-8049
Convert -3bb0 (base 14) to base 13.
-4a4c
Convert -1433444 (base 5) to base 12.
-15797
11455 (base 7) to base 15
d3a
1862 (base 10) to base 13
b03
102252 (base 6) to base 16
2078
220 (base 12) to base 11
264
What is 1113413 (base 5) in base 2?
100110110010010
-101220 (base 4) to base 13
-68a
Convert -1022 (base 5) to base 12.
-b5
What is 18289 (base 10) in base 7?
104215
-1120 (base 6) to base 14
-14c
-d413 (base 14) to base 13
-137a8
220111 (base 3) to base 16
295
What is 4798 (base 12) in base 2?
1111101100100
112e (base 16) to base 4
1010232
-3203 (base 7) to base 8
-2152
Convert -214d7 (base 14) to base 11.
-55577
-58596 (base 10) to base 7
-332556
Convert -23a (base 13) to base 11.
-322
Convert 27c5 (base 15) to base 14.
315c
Convert -a45 (base 12) to base 11.
-1138
Convert 9449 (base 12) to base 6.
202533
-251521 (base 7) to base 8
-132216
Convert 41153 (base 6) to base 5.
133334
What is 100001010100 (base 2) in base 3?
2220222
3034 (base 5) to base 4
12022
Convert 13132330 (base 4) to base 2.
111011110111100
What is 13303 (base 5) in base 12?
75a
-1b76 (base 15) to base 13
-2937
Convert -3a4 (base 13) to base 8.
-1201
20496 (base 11) to base 15
8cb6
Convert -364 (base 7) to base 4.
-3001
32667 (base 10) to base 9
48726
What is 10a49 (base 11) in base 6?
201344
What is 13 (base 6) in base 16?
9
Convert 143 (base 10) to base 9.
168
What is 1642 (base 7) in base 4?
22123
Convert -41 (base 13) to base 15.
-38
-fa (base 16) to base 3
-100021
What is -8b (base 16) in base 8?
-213
-8c (base 16) to base 12
-b8
110202 (base 3) to base 10
344
Convert 16002 (base 8) to base 15.
21d0
What is -534 (base 9) in base 11?
-367
What is -2853 (base 10) in base 11?
-2164
1111110 (base 2) to base 7
240
-471 (base 10) to base 15
-216
What is -243 (base 14) in base 2?
-111000011
Convert -958 (base 10) to base 7.
-2536
-12328 (base 10) to base 7
-50641
-230333 (base 4) to base 6
-21155
Convert -2232030 (base 4) to base 15.
-3483
-15f (base 16) to base 10
-351
1763c (base 15) to base 3
10211210010
Convert 3036 (base 7) to base 3.
1110010
178 (base 14) to base 2
100101110
What is 4101 (base 5) in base 12?
37a
What is 221 (base 15) in base 8?
741
-232210 (base 6) to base 12
-b666
-17995 (base 10) to base 9
-26614
-13533 (base 6) to base 15
-980
Convert b33 (base 13) to base 10.
1901
What is 61355 (base 7) in base 6?
153052
Convert -1110111010001 (base 2) to base 15.
-23dd
Convert -3051 (base 9) to base 6.
-14201
What is -1366a (base 11) in base 4?
-10233230
Convert 12112200 (base 3) to base 4.
333021
What is 1001101110 (base 2) in base 7?
1546
Convert -3720 (base 11) to base 10.
-4862
What is 41550 (base 9) in base 12?
13a53
Convert 34010 (base 8) to base 15.
43b4
What is -102313 (base 4) in base 12?
-847
-430 (base 9) to base 4
-11133
2001100 (base 3) to base 5
21434
What is 1102 (base 4) in base 10?
82
What is -3515 (base 8) in base 15?
-849
Convert 13626 (base 10) to base 5.
414001
Convert 5042 (base 15) to base 4.
10020221
-804 (base 14) to base 11
-11aa
What is -46b (base 14) in base 15?
-3d9
Convert -2213 (base 4) to base 14.
-bd
What is -342 (base 8) in base 15?
-101
Convert -1023 (base 4) to base 8.
-113
Convert -1185 (base 11) to base 6.
-11053
Convert 204 (base 5) to base 14.
3c
What is -12505 (base 6) in base 3?
-2121212
Convert 66720 (base 9) to base 14.
12221
Convert -3431 (base 6) to base 13.
-4a5
Convert -be5 (base 15) to base 13.
-12bc
What is -1318 (base 11) in base 14?
-8a5
-103445 (base 6) to base 3
-102210102
-4645 (base 14) to base 16
-2fb5
-3c8a (base 15) to base 16
-329b
Convert -9c (base 14) to base 7.
-255
What is 1a0 (base 13) in base 3?
102002
-112220 (base 4) to base 13
-875
2753 (base 11) to base 13
1815
Convert -2422 (base 5) to base 7.
-1025
What is -12433 (base 5) in base 15?
-463
Convert -192a (base 16) to base 10.
-6442
What is -12002121 (base 3) in base 13?
-18ca
What is 363 (base 14) in base 2?
1010100011
What is -201 (base 13) in base 11?
-289
What is 10010100100 (base 2) in base 15?
543
What is 100111100000100 (base 2) in base 13?
9290
Convert 5734 (base 8) to base 12.
1910
-200121100 (base 3) to base 10
-13563
What is 1425 (base 7) in base 16?
22e
What is -3874 (base 14) in base 13?
-4679
Convert 304244 (base 7) to base 4.
30223103
21347 (base 11) to base 12
15b57
21120100 (base 3) to base 5
134032
Convert 54465 (base 7) to base 4.
3110310
Convert -1011102 (base 3) to base 10.
-848
Convert 11101 (base 3) to base 14.
86
What is -2aa (base 14) in base 16?
-21e
What is -4c62 (base 13) in base 16?
-2a90
Convert 4760 (base 10) to base 9.
6468
Convert -444124 (base 5) to base 3.
-210022112
Convert 581 (base 10) to base 2.
1001000101
Convert 4112 (base 8) to base 10.
2122
What is 135335 (base 7) in base 11?
18504
-241 (base 7) to base 15
-87
Convert -14362 (base 8) to base 3.
-22202112
Convert 343 (base 14) to base 5.
10042
Convert 220110 (base 3) to base 12.
470
Convert -8151 (base 12) to base 6.
-144541
-1010100 (base 2) to base 15
-59
-9544 (base 12) to base 9
-24347
What is -602 (base 15) in base 9?
-1762
What is 1082 (base 10) in base 4?
100322
1004 (base 6) to base 7
433
Convert -5164 (base 9) to base 5.
-110114
-3332010 (base 4) to base 14
-5cd6
What is 113122 (base 4) in base 10?
1498
-23233213 (base 4) to base 15
-e3bd
What is 10010010001011 (base 2) in base 6?
111151
-5707 (base 8) to base 10
-3015
What is 31011 (base 5) in base 6?
13142
Convert 1ace (base 16) to base 12.
3b7a
What is -355 (base 8) in base 13?
-153
241300 (base 6) to base 8
51104
What is ecb (base 15) in base 14?
1309
What is 197 (base 15) in base 2?
101101111
-11111011101 (base 2) to base 3
-2202120
-2130 (base 7) to base 9
-1030
10 (base 11) to base 13
b
42202 (base 5) to base 8
5362
What is -1190 (base 10) in base 6?
-5302
What is 396 (base 14) in base 7?
2046
What is 318 (base 12) in base 4?
13010
Convert 10074 (base 8) to base 15.
1371
-11200 (base 6) to base 5
-22314
Convert 4440044 (base 5) to base 13.
29395
What is -5118 (base 11) in base 7?
-25545
What is -2411 (base 7) in base 11?
-73a
Convert 40223 (base 5) to base 13.
1222
What is b778 (base 12) in base 13?
91ca
Convert -10031 (base 4) to base 14.
-153
What is -48 (base 14) in base 9?
-71
c1 (base 15) to base 3
20201
What is 20 (base 5) in base 11?
a
1064 (base 13) to base 5
33104
What is -122204 (base 6) in base 3?
-112220211
Convert -100140 (base 6) to base 3.
-101202020
-30b (base 16) to base 15
-36e
What is 3431 (base 5) in base 11?
407
Convert -1681 (base 15) to base 8.
-11356
-da (base 14) to base 13
-11a
Convert -31200 (base 5) to base 15.
-91a
What is -1003 (base 6) in base 14?
-119
4331 (base 5) to base 10
591
What is -11001011000011 (base 2) in base 5?
-403440
What is -430335 (base 6) in base 3?
-1210011212
What is 1220202000 (base 3) in base 13?
14226
What is 121414 (base 8) in base 12?
201a4
What is 3031321 (base 4) in base 8?
31571
What is 1332 (base 5) in base 15?
e7
What is 11010110011000 (base 2) in base 5?
414340
Convert -3f9 (base 16) to base 2.
-1111111001
2103012 (base 5) to base 7
203222
-28 (base 13) to base 6
-54
Convert b631 (base 15) to base 6.
454201
-1000011 (base 2) to base 7
-124
Convert -c2b (base 13) to base 2.
-100000010001
-3a2 (base 12) to base 13
-338
4898 (base 10) to base 5
124043
What is -11046 (base 12) in base 5?
-1210033
-1046 (base 7) to base 14
-1cd
Convert -121015 (base 6) to base 14.
-3c0b
23652 (base 8) to base 4
2132222
What is -54 (base 13) in base 3?
-2120
Convert -380 (base 10) to base 15.
-1a5
What is -a15 (base 11) in base 13?
-734
What is 64 (base 7) in base 11?
42
What is 2114132 (base 5) in base 12?
1869a
What is -12330 (base 5) in base 13?
-593
Convert 100110100100000 (base 2) to base 4.
10310200
What is -100220022 (base 3) in base 8?
-16061
Convert 10020 (base 6) to base 10.
1308
What is 221 (base 5) in base 11?
56
What is 1102022210 (base 3) in base 16?
6d23
Convert -41a (base 16) to base 10.
-1050
Convert -598 (base 11) to base 2.
-1011001000
Convert -83b8 (base 15) to base 2.
-110110011001000
What is -85d (base 14) in base 8?
-3163
-6437 (base 8) to base 4
-310133
Convert -1ba0 (base 13) to base 5.
-113221
-1012112